 18 - (24 + (10 - 15))?
-1
(15 - 10 - (-1 - -3)) + (-4 - 1)
-2
What is 3 + -1 + 28 + -28 + -9 + -9?
-16
(-13 + (-7 - -9) - (-1 + -7)) + 8
5
What is 12 + (14 - 9) + (-9 - 1 - -8)?
15
(20 - 18) + -14 + -12 - -4
-20
1 + 0 - 3 - (-1 - (-1 - 6))
-8
Evaluate -11 - ((0 - -4) + 1 + (-10 - 0)).
-6
Calculate -15 + 6 + -5 + (-7 + 2 - -4).
-15
What is (0 - 0 - -6) + (-318 - -318)?
6
Calculate (6 + -6 - -1) + (-2 - (-4 + -2)).
5
170 + -170 + (1 - -26) + -11 + -8
8
What is the value of 1 + -15 + -6 + 12?
-8
Evaluate 10 - (-13 + 5 + -19 + 19).
18
Calculate -8 + (-15 - -51) + -35.
-7
Calculate -17 + -6 + -14 + 34.
-3
What is the value of (0 - (-1 + -13)) + 911 + -918?
7
Calculate -8 - (2 - ((21 - 0 - -3) + 1)).
15
What is (1 - (-48 + 32)) + -32?
-15
Calculate -20 + 0 - (-31 - -14 - (-4 + -5)).
-12
What is (-4 - -9 - -7) + -6?
6
What is the value of 1 - -5 - (0 + 0) - (195 + -184)?
-5
Evaluate -18 - (4 + 0 + -8) - (5 + 2).
-21
39 + -22 - 30 - (-1 + -5) - 0
-7
-4 - 0 - (-40 - -41)
-5
Calculate 23 - 52 - -28 - 9.
-10
Evaluate 11 - 18 - (-29 - 0).
22
Evaluate 39 - -2 - 36 - (9 - (0 + -2)).
-6
What is ((-27 - 9) + -15 - -14) + 15?
-22
(-5 - (-8 + 13 - 13 - -10)) + 4
-3
Calculate (-79 - -99) + (-28 - 1).
-9
What is the value of (14 - (1 + -1 + 1)) + 1 + -4?
10
Evaluate 37 + -80 - -49 - (0 + 1 + 21).
-16
Calculate (22 - 17) + 1 + 3.
9
What is (-22 - -21 - (2 + 2 + -12)) + -15?
-8
What is (0 - -2) + -1 + (5 - 0) + -12?
-6
14 + (35 - (14 - (-4 + -2)))
29
-7 + 1 + -14 + 24 + 3
7
What is -3 + (0 + 8 - (66 - 28 - 32))?
-1
What is -1 + 4 + (35 - 26)?
12
-32 + 66 + -3 + -2
29
What is the value of 18 - (3 - -32) - -15?
-2
What is (6 - 0) + 8 + -1 + -9 + -2?
2
Calculate (5 + -1 - 12) + 2 + 7.
1
What is the value of (-1 - 9) + 21 + 7 + -42?
-24
Evaluate (-21 - -1) + -2525 + 2538.
-7
What is -1 + 0 - 2 - (26 + -22)?
-7
Evaluate -293 + 296 - (4 + (3 + -1 - -1)).
-4
Calculate -7 - (5 + 2 - (0 + 4) - -3).
-13
6 + (-8 - -8) + 20 - 11
15
Evaluate -4 + 10 + (-1 - 6 - -7) - -7.
13
What is the value of 21 + (-5 - -11) + -33?
-6
What is -2 + 12 - (-13 + -1 + 19)?
5
Calculate -4 + (4 - (-3 - -6) - (-28 + 11)).
14
What is (6 - (-12 - -15)) + (-2 - (5 + 10))?
-14
(-21 - 0) + 16 + (14 - 0)
9
What is -3 + 5 - (-15 - -28)?
-11
Calculate (-34 - (10 - 45)) + 14.
15
What is the value of 16 - 24 - -16 - 12?
-4
Evaluate 12 + (-13 - -14) - 25.
-12
What is the value of -23 + 26 + (1 - -5) + -4?
5
Calculate (1 + 1 - 28) + (26 - 43) + 17.
-26
2 + -4 + (7 - 17)
-12
What is (-3 - -9 - 0) + -68 + 48?
-14
What is -1 + 2 + -6 - (4 - (1 - 13))?
-21
Calculate (0 - -4 - -7 - 3) + (-10 - -4).
2
-25 - (22 + -70 + 3)
20
What is -353 + 336 + 1 + 12?
-4
Calculate -7 + (-29 - -41) + 0 + -6 + -2.
-3
What is the value of -15 - 0 - (-216 - -207)?
-6
What is 7 + -27 + 4 + 20?
4
What is the value of (-1 - (0 + -4)) + (19 - (-8 - -42))?
-12
2 - (2 - -6 - 9)
3
What is the value of -4 + 0 - (119 - 118)?
-5
Evaluate 4 - 31 - -6 - -6 - -6.
-9
What is 5 - (-5 - -10) - (-9 - -16)?
-7
What is 20 - 43 - -16 - -19?
12
What is 2 + 7 - ((-16 - -16) + -2)?
11
What is 7 + -18 + (28 - 15)?
2
Evaluate -2 + -11 + (13 - 11).
-11
Evaluate -42 + (-37 - -81) - (-14 + 0 + -1).
17
What is the value of 13 + 71 + -84 + (-17 - 0)?
-17
What is the value of 8 + 3 + (-16 - -15)?
10
29 + -1 + -739 + 713
2
What is (-5 - (8 + -2)) + 1?
-10
Calculate (-17 - -14) + 5 + -7.
-5
What is the value of -3 - (-8 - (-7 - (-4 - -8)) - 3)?
-3
-2 + 10 + 2 + 107 + -113
4
9 - 0 - ((12 - (10 + 5)) + 9)
3
Evaluate -20 - -30 - 20 - -19.
9
What is the value of -21 - 2 - (-119 - -108)?
-12
What is -47 - -49 - (7 - (-2 + -19))?
-26
Evaluate (17 - (3 + -1) - 33) + 26.
8
6 + (8 - 3) + 3 + -10 + 0
4
What is the value of (48 - 35) + -36 + (11 - 2)?
-14
What is (30 - (-15 + 13) - 13) + 6?
25
Calculate 3 - (-71 - -68 - (-6 - 2)).
-2
-9 - (15 - (2 - -11) - 25)
14
12 + -1 - (-309 - -309)
11
Evaluate 10 + -12 + -8 + 11 - (-2 + 20).
-17
Evaluate 43 - 27 - 15 - (-2 - 0 - -26).
-23
What is 3 - (5 + -5 + -2) - (8 + -4)?
1
Calculate -4 - (-7 - (8 - (-4 - (6 + -10)))).
11
What is the value of 0 + -5 + 41 + -37?
-1
What is the value of (6 - -1) + -37 + 28 + 7 + -3?
2
Evaluate 2 + 15 - (31 + -44 + 23).
7
What is the value of -3 - (2 + (7 - 7) + -7 + 0)?
2
Evaluate 28 + -12 + 10 - 13.
13
What is -6 + 4 + 31 + -26?
3
Calculate 20 + (-4 - (0 + (10 - 3 - 5))).
14
What is the value of (3 + -1 + -3 - 0) + (41 - 47)?
-7
(-2 - 11) + (-10 + 2 - 0)
-21
What is 11 + (0 - 3) + 18 + -13 + -2?
11
Calculate -69 + 75 + -3 + -3.
0
2 + (7 - 3) - (-3 + 4 + 22)
-17
Calculate -19 + 15 - (-10 + 5 + -13).
14
Evaluate (-1 + 17 - (19 - 37 - -18)) + -3.
13
Evaluate 3 + (2 - (-1 - 0 - (-13 + 1))).
-6
Calculate 14 - (-12 - (10 + -4 + -11)).
21
799 + -805 - (7 - (2 + -1)) - 3
-15
-4 - (115 + -123 - (-5 + 0 + 2))
1
Calculate 3 + -3 - 4 - 3 - (9 + 3).
-19
18 - ((20 - (-20 - -44)) + (3 - 1))
20
What is the value of -2 + -1 - ((13 - -4) + -32)?
12
2 - (11 - (12 + -9 + 3))
-3
2744 + -2747 + -22 + -1 + 1
-25
What is 25 + -36 + 45 - 10?
24
-5 + (-1 + -12 - (-3 + -4))
-11
(7 - (35 + -9)) + 10 - -16
7
What is -22 + (12 + 33 - 28)?
-5
What is the value of (-1 - (4 + -4)) + -11 + 3?
-9
Calculate (-20 - -11) + 13 - 1.
3
Calculate -2 + -2 + 0 + -3 + (278 - 263).
8
What is 2 + 4 - (-296 - -294)?
8
What is the value of -19 - (22 + -37) - -22?
18
What is the value of -9 + 6 + 8 - 0 - (-1 + -1)?
7
0 - (-4 - -9) - (2 + 6)
-13
3 - -1 - (141 - 143)
6
Calculate 3 + 5 + (1 - 6 - 9).
-6
Calculate (0 - 3) + (18 - 6 - 24) + 9.
-6
Calculate (-628 - -633) + (-1 - -1) + -4.
1
Calculate (116 - 131) + -17 + 5.
-27
Calculate (15 - 14) + 7 - 18.
-10
What is the value of -8 + 22 + (31 - 41)?
4
What is the value of (12 - 4 - 10) + -7 + 7 + 10?
8
-1 + -8 + -19 + 8 + 1 + 37
18
What is -18 + (-16 - -39) - (-9 + 2 + 0)?
12
-1 + (9 - (2 - (-5 - -5)))
6
-16 - ((-5 - 2) + -4)
-5
(-3 - (-5 - -10)) + 15 - -1
8
What is the value of -3 - (11 - 1) - (-21 - -40)?
-32
What is the value of 0 - (-40 - (-2 - 22))?
16
Evaluate 23 + (-9 - (-12 - 4)) + -19.
11
Evaluate -3 + -13 + 8 + -3.
-11
Evaluate -2 - (-13 + (-6 - -15) + -4).
6
What is (2 - (1 + 3) - (4 - 10)) + 7?
11
Evaluate 4 + -1 + 6 + -12 + 8.
5
Evaluate (-10 - -20 - 10) + (-1 - 7).
-8
What is the value of -34 + 11 - (-9 + 17 - (0 + 6))?
-25
Calculate (85 - 93) + 9 + -2.
-1
What is the value of (-6 - -19 - (9 + 0)) + -18?
-14
Calculate (53 - 79 - (-11 + 2)) + 0.
-17
Calculate 41 + (-26 - 1) + 7 - (0 + -1).
22
-4 + (1 - -22) + (59 - 70)
8
Calculate (-16 - -14) + (-4 - -8) + 6 + 10.
18
Calculate 9 + (17 - 15) + 0 + -11.
0
What is (-9 - -17) + -7 + (-5 + 14 - -2)?
12
What is 1 + 20 + 8 + (-7 - 1) + 1?
22
What is 6 - (-9 + -4 + 14)?
5
Calculate -1 - (-10 + -1 - (25 - 17 - 6)).
12
-8 - ((-5 - -5 - 8) + 6)
-6
Evaluate 0 + (-1 - (1 + 1)) - (14 - 18).
1
2 + 0 + (-19 - -12) + 8 + -4
-1
15 - -2 - (-29 - -35)
11
Calculate (-7 - -6) + (-2 - 8).
-11
Evaluate (129 - 142) + -2 + -1.
-16
Evaluate (-3 - -1) + -35 + -969 + 973.
-33
Calculate 16 + (5 - 2) + -16 + 5.
8
Evaluate -55 - -1 - (2420 - 2451).
-23
Calculate -126 + 139 + 1 + 0 + -36.
-22
What is the value of (5 - -8) + 3 + 9 - (-3 + 7)?
21
Evaluate 26 + 2 + (-10 - -5) + 3.
26
Evaluate -2 + 1 + (1 - 34) + (-75 - -77).
-32
What is the value of (-5 - (7 + -6 + 1 + -4)) + 0?
-3
(9 - (1 + -11)) + -11
8
(6 - 17 - -16) + 3
8
Evaluate 5 + (-3 + -31 - 1).
-30
What is the value of 8 + 24 + 1 + (-84 - -79)?
28
What is the value of -19 + 34 - 29 - 12?
-26
Calculate 5 + 7 - -8 - 11.
9
What is 754 + -792 - (2 - (11 + 1))?
-28
-8 - (-12 - (4 - (23 + -7 + -1)))
-7
Evaluate (-9 + -5 + 12 - -6) + -7 + 10.
7
What is 8 - (1 + (2 - 0 - (-31 + 32)))?
6
-7 + (-5 - ((-7 - 1) + 13))
-17
Calculate (-13 + 5 + 15 + -7 - -1) + -20.
-19
Calculate -5 - (-2 + 2 - 1) - -7 - 14.
-11
Calculate -22 + 0 - ((39 - 18) + -23).
-20
What is -10 - (2 + -3) - 1 - (-1 - 36)?
27
What is the value of 50 + -18 + -25 + (-13 - -4)?
-2
-2 + (-12 - -21 - (-2 - (-4 - -3)))
8
Evaluate -8 + 2 + (-5 - -9).
-2
What is the value of (-6 - (-1 + 0)) + (-62 - -59) + -3?
-11
37 + -44 - (2 - 0 - 3)
-6
Calculate 7 - ((0 - 11 - -7) + 2 + 7).
2
What is the value of 43 + (-41 - -76) + -110?
-32
Evaluate (-6 + 3 - 18) + (-43 - -50).
-14
What is the value of (9 - (7 - -7) - -9) + (0 - -2)?
6
What is the value of 6 + -8 + 15 + (-2 - (